{"id":92,"date":"2018-02-28T21:08:37","date_gmt":"2018-02-28T21:08:37","guid":{"rendered":"http:\/\/veterinadolnikounice.cz\/?page_id=92"},"modified":"2026-04-07T18:23:43","modified_gmt":"2026-04-07T18:23:43","slug":"home","status":"publish","type":"page","link":"https:\/\/veterinadolnikounice.cz\/","title":{"rendered":"Aktu\u00e1ln\u011b"},"content":{"rendered":"\n<figure class=\"wp-block-image\"><a href=\"https:\/\/veterinadolnikounice.cz\/?attachment_id=1958\" rel=\"attachment wp-att-1958\"><img loading=\"lazy\" decoding=\"async\" width=\"1024\" height=\"693\" src=\"http:\/\/veterinadolnikounice.cz\/wp-content\/uploads\/2025\/12\/Ordinace-2026-1-1024x693.jpg\" alt=\"\" class=\"wp-image-1958\" srcset=\"https:\/\/veterinadolnikounice.cz\/wp-content\/uploads\/2025\/12\/Ordinace-2026-1-1024x693.jpg 1024w, https:\/\/veterinadolnikounice.cz\/wp-content\/uploads\/2025\/12\/Ordinace-2026-1-300x203.jpg 300w, https:\/\/veterinadolnikounice.cz\/wp-content\/uploads\/2025\/12\/Ordinace-2026-1-768x519.jpg 768w, https:\/\/veterinadolnikounice.cz\/wp-content\/uploads\/2025\/12\/Ordinace-2026-1-1536x1039.jpg 1536w, https:\/\/veterinadolnikounice.cz\/wp-content\/uploads\/2025\/12\/Ordinace-2026-1-2048x1385.jpg 2048w\" sizes=\"auto, (max-width: 706px) 89vw, (max-width: 767px) 82vw, 740px\" \/><\/a><\/figure>\n\n\n\n<p><strong><br><\/strong><\/p>\n\n\n\n<hr class=\"wp-block-separator has-alpha-channel-opacity\"\/>\n\n\n\n<p><strong>Nov\u011b dent\u00e1ln\u00ed hygiena<\/strong><\/p>\n\n\n\n<p>&#8211; odstra\u0148ov\u00e1n\u00ed zubn\u00edho kamene ultrazvukem, le\u0161t\u011bn\u00ed zubn\u00ed skloviny<br>&#8211; zabru\u0161ov\u00e1n\u00ed p\u0159erostl\u00fdch \u0159ez\u00e1k\u016f u hlodavc\u016f<\/p>\n\n\n\n<hr class=\"wp-block-separator has-alpha-channel-opacity\"\/>\n\n\n\n<p><strong>OBSAZEN\u00c9 TERM\u00cdNY ORDINAC\u00cd &#8211; objednan\u00ed pacienti\/operace\/v\u00fdjezd:<\/strong>v<\/p>\n\n\n\n<p>informace na str\u00e1nce <a href=\"http:\/\/veterinadolnikounice.cz\/?page_id=45\"><span style=\"color: #0000ff;\">ORDINA\u010cN\u00cd HODINY<\/span><\/a><\/p>\n\n\n\n<p>Pro n\u00e1v\u0161t\u011bvu ordinace se m\u016f\u017eete objednat na voln\u00fd term\u00edn.<br>U\u0161et\u0159\u00edte t\u00edm sv\u016fj \u010das.<br>Objedn\u00e1n\u00ed na e-mail <span style=\"color: #0000ff;\"><a style=\"color: #0000ff;\" href=\"mailto:mvdrcerna@centrum.cz\">mvdrcerna@centrum.cz<\/a><\/span> nebo telefonicky na 546 421 370&nbsp; nebo na 603 236 972.<br>Tel. \u010d\u00edslo 546 421 370 bude funk\u010dn\u00ed jen do 31. 12. 2025.<\/p>\n\n\n\n<hr class=\"wp-block-separator has-alpha-channel-opacity\"\/>\n\n\n\n<p><strong><span style=\"text-decoration: underline;\">POVINN\u00c9 \u010cIPOV\u00c1N\u00cd PS\u016e<\/span> od 01. 01. 2020<\/strong><\/p>\n\n\n\n<p>Upozor\u0148ujeme v\u0161echny vlastn\u00edky a chovatele ps\u016f, \u017ee podle z\u00e1kona \u010d. 166\/1999 Sb. O veterin\u00e1rn\u00ed p\u00e9\u010di a o zm\u011bn\u011b n\u011bkter\u00fdch souvisej\u00edc\u00edch<strong>&nbsp; <\/strong>z\u00e1kon\u016f, s \u00fa\u010dinnost\u00ed od 1. ledna 2020 mus\u00ed b\u00fdt ka\u017ed\u00fd pes ozna\u010den elektronick\u00fdm \u010dipem.<br>To mimo jin\u00e9 znamen\u00e1, \u017ee od roku 2020 mus\u00ed b\u00fdt ka\u017ed\u00fd pes, kter\u00fd se k&nbsp;veterin\u00e1rn\u00edmu l\u00e9ka\u0159i dostav\u00ed na o\u010dkov\u00e1n\u00ed proti vzteklin\u011b, o\u010dipovan\u00fd. Povinn\u00e9 o\u010dkov\u00e1n\u00ed psa proti vzteklin\u011b bude od 1. ledna 2020 platn\u00e9 pouze pokud je pes takto ozna\u010den.<\/p>\n\n\n\n<p>Povinn\u011b by se m\u011bli \u010dipovat v\u0161ichni psi, \u0161t\u011b\u0148ata do v\u011bku 3 m\u011bs\u00edc\u016f.<br>\u0160t\u011b\u0148ata mus\u00ed b\u00fdt o\u010dipov\u00e1na u chovatele p\u0159ed p\u0159ed\u00e1n\u00edm nov\u00e9mu majiteli.<\/p>\n\n\n\n<p>\u010cipov\u00e1n\u00ed je jednor\u00e1zov\u00fd \u00fakon velmi podobn\u00fd klasick\u00e9mu o\u010dkov\u00e1n\u00ed. Veterin\u00e1\u0159 psovi vprav\u00ed mikro\u010dip velikosti r\u00fd\u017eov\u00e9ho zrna speci\u00e1ln\u00ed aplika\u010dn\u00ed jehlou pod k\u016f\u017ei na krku a t\u00edm je pes na\u010dipov\u00e1n, \u010dip setrv\u00e1 v t\u011ble po cel\u00fd jeho \u017eivot a lze ho p\u0159e\u010d\u00edst pomoc\u00ed \u010dte\u010dky, kterou dnes disponuje t\u00e9m\u011b\u0159 ka\u017ed\u00fd veterin\u00e1rn\u00ed l\u00e9ka\u0159 \u010di \u00fatulek.<\/p>\n\n\n\n<p>Po ozna\u010den\u00ed psa mikro\u010dipem doporu\u010dujeme v\u0161em majitel\u016fm ps\u016f zaregistrovat se v registru majitel\u016f zv\u00ed\u0159at.&nbsp; Tedy majitel by se m\u011bl postarat o z\u00e1pis \u010d\u00edsla \u010dipu&nbsp;do n\u011bkter\u00e9 z datab\u00e1z\u00ed a uv\u00e9st svoje jm\u00e9no, adresu, p\u0159\u00edp. telefon,&nbsp;aby p\u0159i nalezen\u00ed psa (po p\u0159e\u010dten\u00ed \u010dipu \u010dte\u010dkou)&nbsp;mohl b\u00fdt ur\u010den jeho majitel a zv\u00ed\u0159e vr\u00e1ceno dom\u016f. Neu\u010din\u00ed-li tak, u nalezen\u00e9ho zab\u011bhnut\u00e9ho psa nen\u00ed mo\u017en\u00e9 zjistit jeho majitele.<\/p>\n\n\n\n<p>Seznam registr\u016f:<\/p>\n\n\n\n<figure class=\"wp-block-table\"><table class=\"has-fixed-layout\"><tbody><tr><td><strong>N\u00e1zev<\/strong><\/td><td><strong>Adresa<\/strong><\/td><td><strong>www str\u00e1nky<\/strong><\/td><td><strong>e-mail<\/strong><\/td><\/tr><tr><td>N\u00e1rodn\u00ed registr majitel\u016f zv\u00ed\u0159at<\/td><td>P. O. BOX 132,<br>120 00 Praha 2<\/td><td><span style=\"color: #0000ff;\"><a style=\"color: #0000ff;\" href=\"http:\/\/www.narodniregistr.cz\">www.narodniregistr.cz<\/a><\/span><\/td><td><span style=\"color: #0000ff;\"><a style=\"color: #0000ff;\" href=\"mailto:info@narodniregistr.cz\">info@narodniregistr.cz<\/a><\/span><\/td><\/tr><tr><td>\u010cesk\u00fd registr z\u00e1jmov\u00fdch zv\u00ed\u0159at a majitel\u016f<\/td><td>WINVET, s. r. o.,<br>Evropsk\u00e1 116\/655,<br>160 00 Praha 6<\/td><td><span style=\"color: #0000ff;\"><a style=\"color: #0000ff;\" href=\"http:\/\/www.czpetnet.cz\">www.czpetnet.cz<\/a><\/span><\/td><td><span style=\"color: #0000ff;\"><a style=\"color: #0000ff;\" href=\"mailto:czpetnet@czpetnet.cz\">czpetnet@czpetnet.cz<\/a><\/span><\/td><\/tr><tr><td>Pet2me.eu<\/td><td>WERFFT, s. r. o.,<br>Kotl\u00e1\u0159sk\u00e1 931\/53,<br>602 00 Brno<\/td><td><span style=\"color: #0000ff;\"><a style=\"color: #0000ff;\" href=\"http:\/\/www.pet2me.eu\">www.pet2me.eu<\/a><\/span><\/td><td><span style=\"color: #0000ff;\"><a style=\"color: #0000ff;\" href=\"mailto:pet2me@werfft.cz\">pet2me@werfft.cz<\/a><\/span><\/td><\/tr><tr><td>Centr\u00e1ln\u00ed evidence zv\u00ed\u0159at a v\u011bc\u00ed<\/td><td>DATAK, s. r. o.,<br>odd. evidence,<br>Okru\u017en\u00ed 592, 280 02 Kol\u00edn V.<\/td><td><span style=\"color: #0000ff;\"><a style=\"color: #0000ff;\" href=\"http:\/\/www.identifikace.cz\">www.identifikace.cz<\/a><\/span><\/td><td><span style=\"color: #0000ff;\"><a style=\"color: #0000ff;\" href=\"mailto:evidence@datak.cz\">evidence@datak.cz<\/a><\/span><\/td><\/tr><tr><td>BackHome registr zv\u00ed\u0159at<\/td><td>GS Partners, s.r.o.,<br>Po\u010dernick\u00e1 96, 108 03 Praha 10<\/td><td><span style=\"color: #0000ff;\"><a style=\"color: #0000ff;\" href=\"http:\/\/www.backhome.cz\">www.backhome.cz<\/a><\/span><\/td><td><span style=\"color: #0000ff;\"><a style=\"color: #0000ff;\" href=\"http:\/\/www.backhome.cz\/contact\">www.backhome.cz\/contact<\/a><\/span><\/td><\/tr><\/tbody><\/table><\/figure>\n\n\n\n<p>Aplikovat \u010dip je mo\u017en\u00e9 individu\u00e1ln\u011b v ordinaci v Doln\u00edch Kounic\u00edch, Jir\u00e1skova 60 kdykoliv v ordina\u010dn\u00edch hodin\u00e1ch, nebo po objedn\u00e1n\u00ed i u majitele. Hl\u00e1sit se je mo\u017eno pr\u016fb\u011b\u017en\u011b na e-mail: <span style=\"color: #0000ff;\"><a style=\"color: #0000ff;\" href=\"mailto:mvdrcerna@centrum.cz\">mvdrcerna@centrum.cz<\/a>,<\/span> tel. 546&nbsp;421&nbsp;370, 603&nbsp;236&nbsp;972 .<\/p>\n\n\n\n<hr class=\"wp-block-separator has-alpha-channel-opacity\"\/>\n\n\n\n<p><span style=\"text-decoration: underline;\"><strong>Objedn\u00e1n\u00ed:<\/strong><\/span><br>telefonicky: 603 236 972<br><span style=\"color: #0000ff;\"><a style=\"color: #0000ff;\" href=\"mailto: mvdrcerna@centrum.cz\">e-mailem<\/a><\/span><\/p>\n\n\n\n<p><strong>&nbsp;<\/strong><strong>&nbsp;<\/strong><\/p>\n\n\n\n<p><\/p>\n\n\n\n<p><\/p>\n","protected":false},"excerpt":{"rendered":"<p>Nov\u011b dent\u00e1ln\u00ed hygiena &#8211; odstra\u0148ov\u00e1n\u00ed zubn\u00edho kamene ultrazvukem, le\u0161t\u011bn\u00ed zubn\u00ed skloviny&#8211; zabru\u0161ov\u00e1n\u00ed p\u0159erostl\u00fdch \u0159ez\u00e1k\u016f u hlodavc\u016f OBSAZEN\u00c9 TERM\u00cdNY ORDINAC\u00cd &#8211; objednan\u00ed pacienti\/operace\/v\u00fdjezd:v informace na str\u00e1nce ORDINA\u010cN\u00cd HODINY Pro n\u00e1v\u0161t\u011bvu ordinace se m\u016f\u017eete objednat na voln\u00fd term\u00edn.U\u0161et\u0159\u00edte t\u00edm sv\u016fj \u010das.Objedn\u00e1n\u00ed na e-mail mvdrcerna@centrum.cz nebo telefonicky na 546 421 370&nbsp; nebo na 603 236 972.Tel. \u010d\u00edslo 546 &hellip; <\/p>\n<p class=\"link-more\"><a href=\"https:\/\/veterinadolnikounice.cz\/\" class=\"more-link\">Pokra\u010dovat ve \u010dten\u00ed<span class=\"screen-reader-text\"> &#8222;Aktu\u00e1ln\u011b&#8220;<\/span><\/a><\/p>\n","protected":false},"author":1,"featured_media":0,"parent":0,"menu_order":0,"comment_status":"closed","ping_status":"closed","template":"","meta":{"footnotes":""},"class_list":["post-92","page","type-page","status-publish","hentry"],"_links":{"self":[{"href":"https:\/\/veterinadolnikounice.cz\/index.php?rest_route=\/wp\/v2\/pages\/92","targetHints":{"allow":["GET"]}}],"collection":[{"href":"https:\/\/veterinadolnikounice.cz\/index.php?rest_route=\/wp\/v2\/pages"}],"about":[{"href":"https:\/\/veterinadolnikounice.cz\/index.php?rest_route=\/wp\/v2\/types\/page"}],"author":[{"embeddable":true,"href":"https:\/\/veterinadolnikounice.cz\/index.php?rest_route=\/wp\/v2\/users\/1"}],"replies":[{"embeddable":true,"href":"https:\/\/veterinadolnikounice.cz\/index.php?rest_route=%2Fwp%2Fv2%2Fcomments&post=92"}],"version-history":[{"count":402,"href":"https:\/\/veterinadolnikounice.cz\/index.php?rest_route=\/wp\/v2\/pages\/92\/revisions"}],"predecessor-version":[{"id":2059,"href":"https:\/\/veterinadolnikounice.cz\/index.php?rest_route=\/wp\/v2\/pages\/92\/revisions\/2059"}],"wp:attachment":[{"href":"https:\/\/veterinadolnikounice.cz\/index.php?rest_route=%2Fwp%2Fv2%2Fmedia&parent=92"}],"curies":[{"name":"wp","href":"https:\/\/api.w.org\/{rel}","templated":true}]}}