{"id":31,"date":"2018-02-21T09:21:32","date_gmt":"2018-02-21T09:21:32","guid":{"rendered":"http:\/\/veterinadolnikounice.cz\/?page_id=31"},"modified":"2025-10-05T09:27:20","modified_gmt":"2025-10-05T09:27:20","slug":"kontakt","status":"publish","type":"page","link":"https:\/\/veterinadolnikounice.cz\/?page_id=31","title":{"rendered":"Kontakt"},"content":{"rendered":"<p>Ordinace:<\/p>\n<p>Doln\u00ed Kounice, Jir\u00e1skova 60<br \/>\ntel:\u00a0\u00a0\u00a0\u00a0\u00a0 546 421 370 &#8211; tel. \u010d\u00edslo bude funk\u010dn\u00ed jen do 31. 12. 2025.<br \/>\nmob: 603 236 972<br \/>\ne-mail: <a href=\"mailto:mvdrcerna@centrum.cz\">mvdrcerna@centrum.cz<br \/>\n<\/a><\/p>\n","protected":false},"excerpt":{"rendered":"<p>Ordinace: Doln\u00ed Kounice, Jir\u00e1skova 60 tel:\u00a0\u00a0\u00a0\u00a0\u00a0 546 421 370 &#8211; tel. \u010d\u00edslo bude funk\u010dn\u00ed jen do 31. 12. 2025. mob: 603 236 972 e-mail: mvdrcerna@centrum.cz<\/p>\n","protected":false},"author":1,"featured_media":0,"parent":0,"menu_order":0,"comment_status":"closed","ping_status":"closed","template":"","meta":{"footnotes":""},"class_list":["post-31","page","type-page","status-publish","hentry"],"_links":{"self":[{"href":"https:\/\/veterinadolnikounice.cz\/index.php?rest_route=\/wp\/v2\/pages\/31","targetHints":{"allow":["GET"]}}],"collection":[{"href":"https:\/\/veterinadolnikounice.cz\/index.php?rest_route=\/wp\/v2\/pages"}],"about":[{"href":"https:\/\/veterinadolnikounice.cz\/index.php?rest_route=\/wp\/v2\/types\/page"}],"author":[{"embeddable":true,"href":"https:\/\/veterinadolnikounice.cz\/index.php?rest_route=\/wp\/v2\/users\/1"}],"replies":[{"embeddable":true,"href":"https:\/\/veterinadolnikounice.cz\/index.php?rest_route=%2Fwp%2Fv2%2Fcomments&post=31"}],"version-history":[{"count":9,"href":"https:\/\/veterinadolnikounice.cz\/index.php?rest_route=\/wp\/v2\/pages\/31\/revisions"}],"predecessor-version":[{"id":1908,"href":"https:\/\/veterinadolnikounice.cz\/index.php?rest_route=\/wp\/v2\/pages\/31\/revisions\/1908"}],"wp:attachment":[{"href":"https:\/\/veterinadolnikounice.cz\/index.php?rest_route=%2Fwp%2Fv2%2Fmedia&parent=31"}],"curies":[{"name":"wp","href":"https:\/\/api.w.org\/{rel}","templated":true}]}}